nd derivative of x + 1/20*x**5 + 1/12*x**4 + 13*x**2 - 1/6*x**3 + 0. Does 9 divide o(0)?
False
Let s = 146 + -74. Does 8 divide s?
True
Let t = -15 - -45. Let l = t - -16. Does 23 divide l?
True
Suppose -5*g - 7 = 8, 0 = 5*m - 5*g - 340. Is m a multiple of 11?
False
Let d(o) = o**3 + 2*o**2 - 3*o + 4. Let a be d(-3). Suppose a*z + 8 = -f + 90, z - 3*f = 27. Does 9 divide z?
False
Suppose -3*a = -3*d - d + 27, -4*d - 13 = 5*a. Suppose d*y = -23 + 95. Is 8 a factor of y?
True
Is 8 a factor of 6 + -2 + (14 - 1)?
False
Suppose -5*k + 515 = -5*b, -k = 2*b - 0*b - 91. Suppose 0*s = -s + k. Suppose q - 41 = 4*t, 3*t = 4*q - 0*t - s. Is 10 a factor of q?
False
Does 4 divide (18/16)/3 - (-6464)/512?
False
Let g be 5/10*0/2. Suppose 206 = 5*l + 2*f, l + g*l - 4*f - 28 = 0. Does 13 divide l?
False
Let c(u) be the third derivative of u**6/360 - u**5/24 + u**4/6 - u**3/3 + u**2. Let w(a) be the first derivative of c(a). Is w(6) a multiple of 4?
False
Let u = -54 + 75. Is 3 a factor of u?
True
Let u = -7 - -34. Suppose -2*f = -s - 87, 0 = -0*f + f + 5*s - u. Is 21 a factor of f?
True
Suppose 0 = 5*x - 74 - 1. Does 2 divide x?
False
Let s be (-7 + 1)/((-4)/10). Let z = s + 3. Is z a multiple of 9?
True
Let f(w) be the second derivative of w**5/20 - w**4/6 + w**3/6 - w**2/2 - w. Let a be f(2). Does 6 divide ((-14)/(-21))/(a/27)?
True
Suppose 3*f - 4 = 17. Suppose 0 = -f*v + 3*v. Suppose 4*q - 68 = -v*j - 2*j, 15 = q + j. Does 15 divide q?
False
Suppose 4*k + 240 = 8*k. Is k a multiple of 4?
True
Let r(a) = 22*a**2 + 4*a - 5. Is r(-3) a multiple of 13?
False
Let p(k) = k**2 - 3*k - 12. Let w be p(5). Let h(c) = -2*c + 1. Does 5 divide h(w)?
True
Let o(u) = u**3 - 7*u**2 + 5*u - 7. Let y(j) = 2*j**3 - 15*j**2 + 9*j - 15. Let h(d) = 7*o(d) - 3*y(d). Is h(5) a multiple of 10?
False
Suppose f = -4*n - 0*f + 24, -5*f = -5*n + 5. Let p = 7 - n. Suppose 3*v = h - 10, -v + 47 = 2*h + p*v. Is h a multiple of 19?
True
Let y(u) be the first derivative of 2*u**3/3 + u**2/2 - 4*u + 1. Is y(4) a multiple of 16?
True
Suppose -8 = 5*y - 28. Suppose -y*t = -t - 45. Is 10 a factor of t?
False
Does 17 divide (-1118)/(-18) - (-5)/(-45)?
False
Let l(v) = v**3 + 9*v**2 - 3*v + 2. Does 12 divide l(-4)?
False
Suppose -5*b - 2*h + 137 = h, -9 = -b + 4*h. Is 6 a factor of b?
False
Let g = 8 - 6. Is (29 - g)*2/6 a multiple of 6?
False
Suppose -3*g - 58 = 8. Let i = g + 32. Does 4 divide i?
False
Let d be (1/((-2)/6))/(-1). Let n(y) = 7*y + 3*y - y - 3. Is 12 a factor of n(d)?
True
Suppose -r + 9 - 3 = 0. Let t = 7 + r. Suppose 3*b = 2*b + t. Is b a multiple of 4?
False
Suppose 2*o - 3*u = -2*u + 5, 5*o - 14 = 3*u. Let j(g) = -3 + 12*g + 2 - o. Is 14 a factor of j(2)?
False
Let o(q) = 491*q**2 + q - 2. Let y be o(2). Suppose 5*h = -y - 1811. Is 11 a factor of 4/18 + h/(-45)?
False
Does 5 divide 4 - (-5)/(20/32)?
False
Let c = 24 - 15. Is c even?
False
Is 56/2 + -2 + -2 a multiple of 24?
True
Let a = -148 - -192. Is 4 a factor of a?
True
Suppose 0 = w - 8 - 10. Let g = w - 11. Is g a multiple of 7?
True
Let f = 89 - 55. Is 17 a factor of f?
True
Does 12 divide (2/3)/((-3)/(-126))?
False
Let o be 85/(-15) + 2/3. Suppose -3*n = 2*t - 13, -5*n + 26 = -t - 0*t. Is t/(o/(-2))*-65 a multiple of 13?
True
Let k(a) = -10*a + 5. Let m be k(-6). Suppose -5*v + m = -30. Is 15 a factor of v?
False
Let d = 5 - 1. Is 2 a factor of 36/d + -1 + -1?
False
Does 27 divide (-266)/(-8) - (2 - 11/4)?
False
Suppose -f + 124 + 42 = 0. Suppose -74 = -k + m, 3*k + 4*m = k + f. Is k a multiple of 21?
False
Let i = -17 - -24. Suppose -116 = -4*q + p, -4*q + i*q - 5*p - 104 = 0. Does 18 divide q?
False
Does 15 divide 1/12*2 + (-3363)/(-18)?
False
Let t(x) = x**3 - 11*x**2 + 9*x + 14. Let u(v) = 5*v. Let o be u(2). Is 2 a factor of t(o)?
True
Suppose 0 = -0*j + 4*j - 8. Suppose 0 = 3*t - j*b - 59, 0*b = -4*b - 4. Is t a multiple of 5?
False
Let a be 1*(0 - 0 - -3). Let z(p) = p**3 - 3*p**2 + 2*p - 4. Let q be z(a). Is ((-13)/2)/((-1)/q) a multiple of 10?
False
Suppose 4*k + 161 = 5*y, 3*y = -3*k + 29 + 73. Is y a multiple of 11?
True
Suppose 2*s + 58 = 4*s. Is 16 a factor of s?
False
Let z be (-1)/((12/(-21))/4). Is 6/21 + 138/z a multiple of 10?
True
Let t(z) = z**2 + 4*z - 3. Let i(h) = -h**3 + 6*h**2 + 3. Let c be i(6). Is t(c) a multiple of 9?
True
Let p(g) = -2*g - 3*g + 0 + 10. Is p(-7) a multiple of 14?
False
Suppose 5*z = z - 24. Let m(p) = p**2 - 5*p + 6. Does 24 divide m(z)?
True
Let m(k) = -5 - 1 + 7*k**2 + 4. Let v be 1 + 4/(-1) - -1. Is m(v) a multiple of 14?
False
Suppose 2*x - 25 = -3*x. Let w(h) = -h**3 + 4*h**2 + 6*h + 7. Let c be w(x). Suppose -o + 51 = 5*k, -2*k - 4 - c = -o. Is 13 a factor of o?
True
Let x = -1 - 3. Let f(g) be the second derivative of g**5/20 + 5*g**4/12 + g**3/6 + 2*g**2 - 3*g. Does 16 divide f(x)?
True
Let l(a) = a**3 + 7*a**2 - 7*a - 7. Let b be l(-5). Let s(d) = -d**3 + 12*d**2 - 17*d + 10. Let w be s(11). Let f = w + b. Is f a multiple of 11?
True
Suppose -246 = -5*f + 274. Does 15 divide f?
False
Let c = -7 - -26. Suppose -5*g + 50 = -3*r, -2*g + 22 = 3*r - c. Is g a multiple of 7?
False
Let s(a) = a**2 - 2*a - 2. Suppose 4*p + 3*o - 10 = 7, 2*p - 5*o - 15 = 0. Is s(p) a multiple of 13?
True
Suppose 0 = 2*y + 23 + 7. Let v = y - -24. Does 9 divide v?
True
Let d = 39 - 23. Is (-59)/(-2) - (-8)/d a multiple of 17?
False
Let z = -7 - -7. Let f(d) = z*d**2 + d**2 - 3 - 2*d**2 - 12*d. Does 11 divide f(-10)?
False
Suppose 3*h + 3*s - 57 = 0, 0 = -s - 3*s + 20. Let g = h + -1. Is 5 a factor of g?
False
Let c(x) = 2*x**2 + 8*x - 7. Let p be c(-5). Suppose 0 = t + p*t - 60. Is 4 a factor of t?
False
Suppose -2*x + 12 = -5*x, 0 = -3*p - 4*x - 316. Let n = 164 + p. Is 12 a factor of n?
False
Let o be ((-126)/(-4))/((-6)/(-8)). Let z be (21/4)/(2/(-8)). Let v = z + o. Does 8 divide v?
False
Let d = -9 - 6. Is d*(112/(-20) + 4) a multiple of 5?
False
Is 16*-3*(-2)/12 a multiple of 4?
True
Let q = -14 - -25. Does 3 divide q?
False
Suppose -5*c - 5 = 0, -3*c - 47 = a - 3*a. Is 6 a factor of a?
False
Let i(r) = r**2 + 3*r - 6. Let t(l) = -l**3 + 6*l**2 + 5*l + 6. Let f be t(7). Is 17 a factor of i(f)?
True
Let c be 74/((-7)/((-28)/(-8))). Let j = c + 62. Is 17 a factor of j?
False
Let o be 1*2 + (-294)/(-7). Suppose 3*p - 222 = -0*p. Let g = p - o. Does 15 divide g?
True
Let v = 30 - 12. Is 5 a factor of v?
False
Let j be (-11)/(-5) - 3/15. Suppose 0 = 2*h + j*h - 68. Does 7 divide h?
False
Let n(k) = -k**3 - 9*k**2 - k - 11. Let i be n(-9). Is 10 a factor of i/((-16)/(-100))*-4?
True
Let u(q) = q**2 + 8*q + 4. Let k be u(-8). Suppose -4*g + 116 = k*x, -4*g + 4*x = 5*x - 113. Is g a multiple of 14?
True
Let a = -66 + 87. Is a a multiple of 21?
True
Let s(k) = k**3 + 8*k**2 - 5*k - 6. Does 10 divide s(-8)?
False
Let v be ((-1)/(-2))/((-2)/8). Let o = -1 - v. Is 7 a factor of (-1)/o - (-7 - 1)?
True
Let s = -15 + 100. Is 17 a factor of s?
True
Suppose 2*k + w - 28 = 0, 2*k - 56 = -2*k + w. Suppose 5*v - 3*v = k. Is v a multiple of 7?
True
Let b be 18/(-22) + 4/(-22). Let h be -2 - -2*(2 + b). Suppose 5*j - 58 - 82 = h. Does 11 divide j?
False
Does 2 divide (-152)/2*3/(-6)?
True
Suppose -152 = -3*j + 28. Is j a multiple of 23?
False
Suppose -5*n - 48 = -9*n. Is 12 a factor of n?
True
Let k = 6 - 3. Suppose k*z + 0*z - 12 = 0. Suppose -x + 6 + 8 = 4*y, 4*x - z*y - 76 = 0. Does 12 divide x?
False
Is 7 a factor of (-7)/(21/(-48)) - 0?
False
Suppose -n - 3*p = -6*n + 241, 3*n = 3*p + 147. Is n a multiple of 15?
False
Let k(u) be the third derivative of -u**7/840 + u**6/90 + u**5/30 - u**4/4 - u**3/3 + u**2. Let h(w) be the first derivative of k(w). Is 10 a factor of h(4)?
True
Suppose s = 5*c - 994, -3*c - 4*s + 112 + 489 = 0. Does 44 divide c?
False
Suppose 9 = 3*d, 0*g - 5*d + 21 = 2*g. Suppose g*m - 14 = 2*m. Does 6 divide m?
False
Let h = 8 + 22. Suppose -4*z + h = z. Is z a multiple of 3?
True
Let w(h) = 373*h - 1. Let u be w(1). Does 27 divide ((-2)/(-4))/(3/u)?
False
Does 10 divide (-2)/(-3) + 308/6?
False
Let n(v) = 50*v + 26. Is 14 a factor of n(2)?
True
Let g(k) = -21*k + 24. Is g(-3) a multiple of 27?
False
Let z = 57 + -42. Is z a multiple of 15?
True
Let g = 2 - 5. Let b(k) = -12*k + 3. Let n be b(g). Suppose -4*x - x = -c + 2, 4*x - n = -5*c. Is 7 a factor of c?
True
Let b(o) be 